 + 251. Calculate n(120).
11
Let j(l) = 3*l**3 - 6*l**2 + 22*l + 83. Determine j(-5).
-552
Let f(a) = -a**3 + 46*a**2 + 1113*a + 2505. What is f(64)?
9
Let x(t) = -16780*t - 67110. Determine x(-4).
10
Let w(h) = h**3 - 193*h**2 + 4619*h - 34. What is w(28)?
-62
Let w(m) = 373213*m + 106738924. What is w(-286)?
6
Let v(n) = 2*n**3 - 19*n**2 + 38*n + 19. Determine v(3).
16
Let k(t) = 558*t - 38492. Give k(69).
10
Let q(i) = -4*i**2 - 70*i + 301. Calculate q(-26).
-583
Let a(v) = 8*v**2 - 1529*v + 264. What is a(191)?
73
Let j(b) = -b**3 - 18*b**2 + 203*b - 602. Determine j(-27).
478
Let m(d) = -620*d + 3103. Calculate m(5).
3
Let c(f) = f**3 - 159*f**2 + 1059*f - 21574. Calculate c(153).
-1
Let i(r) = -r**3 + 307*r**2 + 2524*r - 861. Determine i(315).
399
Let i(w) = -91845*w - 367379. Determine i(-4).
1
Let o(k) = -7846*k**2 - 47151*k + 104. Determine o(-6).
554
Let j(c) = 1912*c + 411078. Give j(-215).
-2
Let k(u) = 4699*u + 108284. Determine k(-23).
207
Let m(d) = -d**3 + 25*d**2 + 70*d - 1919. Give m(25).
-169
Let k(i) = 594*i + 29076. Calculate k(-49).
-30
Let c(q) = 24*q**2 + 386*q - 392. What is c(1)?
18
Let v(s) = -s**2 - 8809*s - 411812. What is v(-47)?
2
Let b(k) = 11*k**3 - 1418*k**2 - 121*k - 415. Determine b(129).
617
Let m(u) = -1294*u + 280662. What is m(217)?
-136
Let z(i) = -6606*i + 33068. Determine z(5).
38
Let m(o) = 567*o + 9410. Calculate m(-16).
338
Let y(k) = 2*k**3 + 22*k**2 - 23*k - 246. Give y(-12).
-258
Let r(f) = 960*f - 284144. Determine r(296).
16
Let r(x) = -83*x**2 + 1732*x + 293. What is r(21)?
62
Let v(d) = -37230*d + 37230. Calculate v(1).
0
Let s(n) = n**2 + 3022*n - 225993. Calculate s(73).
-58
Let h(f) = 17567*f - 2248586. Determine h(128).
-10
Let r(w) = 10*w**2 + 5757*w + 62112. Give r(-11).
-5
Let k(b) = -b**3 - 3*b**2 + 5436*b - 37603. Calculate k(7).
-41
Let b(x) = 700*x - 82700. Determine b(118).
-100
Let z(t) = t**3 - 7*t**2 - 47*t - 59. What is z(-4)?
-47
Let c(a) = -a**3 - 745*a**2 - 7366*a - 11765. Determine c(-735).
-5
Let a(k) = -k**3 + 19*k**2 + 293*k - 1698. Calculate a(30).
-2808
Let q(j) = -j**3 + 62*j**2 - 384*j - 76. Determine q(55).
-21
Let f(r) = -r**3 + 152*r**2 - 2162*r - 1940. Give f(136).
-36
Let t(y) = -y**3 + 77*y**2 + 183*y - 30. Determine t(79).
1945
Let d(u) = -36*u**3 + 54965*u**2 + 10693*u - 6110. Give d(1527).
-2
Let z(v) = 1115*v - 189530. What is z(170)?
20
Let v(i) = 3612*i**2 - 18059*i - 11. Determine v(5).
-6
Let s(y) = -3*y**2 - 844*y + 19644. Determine s(-303).
-51
Let f(w) = w**3 - 201*w**2 + 9547*w + 76. Give f(77).
-1
Let p(z) = -245*z - 13523. Determine p(-37).
-4458
Let t(z) = 723*z**2 + 2162*z - 18. Give t(-3).
3
Let f(v) = -5*v**2 - 126832*v - 253661. Determine f(-2).
-17
Let o(w) = 1218*w - 743123. Determine o(610).
-143
Let w(y) = -y**3 + 8*y**2 + 936*y - 4772. What is w(5)?
-17
Let r(g) = 7381*g - 8997422. Determine r(1219).
17
Let a(l) = 8*l**2 - 1231*l + 236. Calculate a(155).
1631
Let r(x) = x**2 - 4657*x + 193815. Calculate r(42).
-15
Let v(z) = -120*z**3 + 27594*z**2 + 1435*z - 12648. Calculate v(230).
2
Let i(q) = -9393*q - 37085. What is i(-4)?
487
Let l(n) = n**3 + 92*n**2 + 200*n - 208. What is l(-3)?
-7
Let f(r) = -6558117*r + 19674366. What is f(3)?
15
Let l(z) = 1141*z**2 - 400543*z + 18257. Give l(351).
5
Let g(t) = -252*t - 5618. Calculate g(-22).
-74
Let p(i) = -24*i**2 + 6023*i + 245. What is p(251)?
-6
Let i(f) = -2*f**2 + 722*f + 38370. What is i(-47)?
18
Let g(t) = t**2 - 40*t + 749. Determine g(27).
398
Let r(f) = -325*f + 1530. Give r(5).
-95
Let k(v) = 764*v - 132176. Give k(172).
-768
Let w(g) = g**3 + 14*g**2 - 12*g + 53. Determine w(-15).
8
Let h(l) = l**3 - 203*l**2 + 5334*l - 67. Calculate h(172).
277
Let p(m) = -20*m**3 - 783*m**2 - 124*m - 101. Determine p(-39).
172
Let x(m) = 2*m**3 - 201*m**2 - 294*m + 1133. Determine x(102).
2357
Let r(c) = 72038*c - 144019. Give r(2).
57
Let p(j) = -5*j**3 - 249*j**2 - 193*j + 146. Give p(-49).
-1
Let t(b) = 34*b**3 + 16151*b**2 + 451*b - 11394. Give t(-475).
6
Let n(f) = -f**3 - 89*f**2 + 89*f + 42659. Determine n(-84).
-97
Let o(z) = 3*z**2 + 5439*z - 65200. Calculate o(12).
500
Let h(d) = d**2 + 55*d + 729. Give h(-23).
-7
Let x(p) = 68208*p + 68197. Give x(-1).
-11
Let a(x) = -881*x + 38728. Calculate a(44).
-36
Let z(v) = v**3 + 263*v**2 - 15676*v + 1173. Determine z(50).
-127
Let t(y) = -936*y**2 + 6490*y + 426. What is t(7)?
-8
Let d(a) = 39796*a + 596931. Determine d(-15).
-9
Let f(k) = 3*k**2 - 7177*k - 50394. What is f(-7)?
-8
Let c(x) = -2*x**3 + 136*x**2 + 605*x - 1501. Calculate c(72).
587
Let o(r) = 837*r + 10219. Give o(-12).
175
Let n(t) = -2202*t - 79456. Determine n(-36).
-184
Let x(l) = 3009*l - 57328. What is x(19)?
-157
Let r(k) = k**2 - 188*k + 7965. Give r(60).
285
Let a(j) = 661*j - 40977. What is a(62)?
5
Let k(y) = -y**3 - 3*y**2 - 98*y + 1180. What is k(0)?
1180
Let c(g) = -72*g**2 + 1235*g - 4561. Calculate c(4).
-773
Let p(z) = z**2 - 73*z - 318. Determine p(85).
702
Let w(p) = 3*p**3 - 204*p**2 + 792*p - 13466. Give w(65).
-11
Let i(d) = 6*d**3 + 55*d**2 - 39*d + 130. Give i(-10).
20
Let r(s) = 476569*s + 6195412. What is r(-13)?
15
Let t(a) = 2*a**2 - 129*a - 1565. Determine t(75).
10
Let w(m) = 1488*m + 4812. What is w(-2)?
1836
Let y(i) = -17*i**3 + 38*i**2 + 14*i + 33. Give y(5).
-1072
Let a(g) = -2*g**3 - 18*g**2 + 2119*g + 2138. What is a(-1)?
3
Let w(h) = -53*h**2 + 481*h - 22. Give w(9).
14
Let p(t) = 16170*t + 16152. What is p(-1)?
-18
Let l(d) = -d**2 + 842*d + 1168240. What is l(-739)?
-119
Let t(s) = -15*s**3 - 752*s**2 - 118*s + 16. Calculate t(-50).
916
Let r(d) = -109*d**2 - 230*d + 995. Determine r(4).
-1669
Let z(d) = 25170*d + 528571. Calculate z(-21).
1
Let v(w) = -w**2 + 47*w + 4554. Calculate v(106).
-1700
Let l(u) = 1919*u**2 - 1919*u + 1919. Calculate l(1).
1919
Let z(v) = -9*v**3 - 398*v**2 + 55*v + 6286. What is z(-44)?
-6
Let n(r) = -2*r**3 - 6*r**2 + 257*r - 1684. Calculate n(9).
-1315
Let k(v) = -v**3 + 47*v**2 + 118*v - 7612. What is k(46)?
-68
Let q(i) = -i**3 - 103*i**2 - 63*i - 5312. Calculate q(-103).
1177
Let w(f) = 24801*f - 74408. What is w(3)?
-5
Let z(j) = -18*j**3 + 264*j**2 + 142*j - 766. Determine z(15).
14
Let x(m) = -m**3 + 4*m**2 + 1371*m - 4101. What is x(3)?
21
Let n(l) = 60*l**2 - 570*l + 895. Calculate n(2).
-5
Let z(j) = 714*j**2 + 2302*j - 6344. Calculate z(-5).
-4
Let u(s) = 137*s + 6268. Determine u(-34).
1610
Let v(y) = 458*y**2 - 1335*y - 119. Calculate v(3).
-2
Let r(z) = 22*z**2 - 2693*z + 770. Give r(122).
-328
Let v(i) = 11*i**3 + 129*i**2 - 859*i - 290. Calculate v(5).
15
Let q(n) = 171*n**2 + 360*n - 348. What is q(1)?
183
Let n(t) = -4*t**2 - 64*t + 306. What is n(10)?
-734
Let n(w) = -3250*w + 139791. Calculate n(43).
41
Let b(y) = -36485*y - 2845825. Determine b(-78).
5
Let j(c) = c**3 - 81*c**2 - 3752*c + 336. Calculate j(-33).
6
Let o(s) = s**3 - 21*s**2 - 4164*s - 1217. Calculate o(76).
-1
Let a(q) = 5*q**3 + 14*q**2 + 34*q - 233. What is a(5)?
912
Let n(b) = -183*b - 28734. Calculate n(-157).
-3
Let r(o) = o**2 - 6398*o - 76935. What is r(-12)?
-15
Let u(k) = -129*k**2 - 817*k - 261. Determine u(-6).
-3
Let k(t) = t**3 - 217*t**2 + 755*t + 1534. Give k(5).
9
Let r(f) = -2390*f**3 + 7174*f**2 - 8*f - 16. Determine r(3).
-4
Let r(q) = 981*q + 15192. Determine r(-16).
-504
Let f(i) = i**2 - 97*i - 16068. Determine f(-88).
212
Let h(u) = 11*u**2 - 150*u + 443. Give h(6).
-61
Let o(k) = 27*k**3 - 161*k**2 - 130*k + 749. Determine o(6).
5
Let c(v) = -624*v + 189077. Determine c(303).
5
Let l(y) = 538*y + 1364. What is l(-2)?
288
Let t(h) = -6*h**3 - 15*h**2 + 36*h - 7. Give t(-5).
188
Let d(r) = 996*r - 326717. Give d(328).
-29
Let y(l) = -l**3 + 295*l**2 + 15656*l + 10208. Give y(341).
-22
Let y(a) = -15*a**2 - 99*a - 265. Give y(-3).
-103
Let r(s) = 127*s**2 + 2533*s - 131. Give r(-20).
9
Let j(m) = -2*m**2 - 58*m - 193. Calculate j(-27).
-85
Let q(k) = -895*k - 11178. Give q(-12).
-438
Let y(p) = -268*p + 7488. Determine y(21).
1860
Let j(s) = 82*s + 55103. Determine j(-670).
163
Let x(v) = -31134*v + 1743500. Give x(56).
-4
Let h(d) = 28*d**2 - 3*d - 93. Give h(2).
13
Let n(u) = 5926*u - 71128. Determine n(12).
-16
Let m(y) = -63*y**2 + 182*y + 54. Determine m(4).
-226
Let q(p) = 4*p**3 + 82*p**2